{"id":462,"date":"2008-07-17T11:04:40","date_gmt":"2008-07-17T10:04:40","guid":{"rendered":"http:\/\/www.agrupament.cat\/portal\/?page_id=462"},"modified":"2015-12-07T15:00:52","modified_gmt":"2015-12-07T14:00:52","slug":"les-maquetes","status":"publish","type":"page","link":"https:\/\/www.agrupament.cat\/portal\/les-maquetes\/","title":{"rendered":"Les Maquetes"},"content":{"rendered":"<p><img loading=\"lazy\" decoding=\"async\" class=\"alignright size-full wp-image-464\" title=\"Bucle de retorn\" src=\"http:\/\/www.agrupament.cat\/portal\/wp-content\/uploads\/2008\/07\/bucle.jpg\" alt=\"\" width=\"200\" height=\"134\" \/>L&#8217;Agrupament disposa de maquetes al seu local social per a l&#8217;\u00fas dels seus socis, disposant de les escales i sistemes d&#8217;alimentaci\u00f3 m\u00e9s comuns.<\/p>\n<p>A m\u00e9s a m\u00e9s, estem totalment immersos en la construcci\u00f3 de m\u00f2duls segons normatives <a href=\"http:\/\/www.fcaf.cat\/portal\/modelisme\/modelisme-a-escala\/#normes\">FCAF<\/a> (a escala H0) i <a href=\"http:\/\/www.plataforma-n.com\/\">Plataforma-N<\/a> (a escala N), ja que participem activament a les trobades de m\u00f2duls que la Federaci\u00f3 Catalana d&#8217;Amics del Ferrocarril organitza diversos cops l&#8217;any.<\/p>\n","protected":false},"excerpt":{"rendered":"<p>L&#8217;Agrupament disposa de maquetes al seu local social per a l&#8217;\u00fas dels seus socis, disposant de les escales i sistemes<\/p>\n","protected":false},"author":1,"featured_media":0,"parent":0,"menu_order":3,"comment_status":"closed","ping_status":"closed","template":"","meta":{"footnotes":""},"class_list":["post-462","page","type-page","status-publish","hentry","comments-off"],"_links":{"self":[{"href":"https:\/\/www.agrupament.cat\/portal\/wp-json\/wp\/v2\/pages\/462","targetHints":{"allow":["GET"]}}],"collection":[{"href":"https:\/\/www.agrupament.cat\/portal\/wp-json\/wp\/v2\/pages"}],"about":[{"href":"https:\/\/www.agrupament.cat\/portal\/wp-json\/wp\/v2\/types\/page"}],"author":[{"embeddable":true,"href":"https:\/\/www.agrupament.cat\/portal\/wp-json\/wp\/v2\/users\/1"}],"replies":[{"embeddable":true,"href":"https:\/\/www.agrupament.cat\/portal\/wp-json\/wp\/v2\/comments?post=462"}],"version-history":[{"count":4,"href":"https:\/\/www.agrupament.cat\/portal\/wp-json\/wp\/v2\/pages\/462\/revisions"}],"predecessor-version":[{"id":21388,"href":"https:\/\/www.agrupament.cat\/portal\/wp-json\/wp\/v2\/pages\/462\/revisions\/21388"}],"wp:attachment":[{"href":"https:\/\/www.agrupament.cat\/portal\/wp-json\/wp\/v2\/media?parent=462"}],"curies":[{"name":"wp","href":"https:\/\/api.w.org\/{rel}","templated":true}]}}

<p><img loading="lazy" decoding="async" class="alignright size-full wp-image-464" title="Bucle de retorn" src="http://www.agrupament.cat/portal/wp-content/uploads/2008/07/bucle.jpg" alt="" width="200" height="134" />L&#8217;Agrupament disposa de maquetes al seu local social per a l&#8217;ús dels seus socis, disposant de les escales i sistemes d&#8217;alimentació més comuns.</p>
<p>A més a més, estem totalment immersos en la construcció de mòduls segons normatives <a href="http://www.fcaf.cat/portal/modelisme/modelisme-a-escala/#normes">FCAF</a> (a escala H0) i <a href="http://www.plataforma-n.com/">Plataforma-N</a> (a escala N), ja que participem activament a les trobades de mòduls que la Federació Catalana d&#8217;Amics del Ferrocarril organitza diversos cops l&#8217;any.</p>

<p>L&#8217;Agrupament disposa de maquetes al seu local social per a l&#8217;ús dels seus socis, disposant de les escales i sistemes</p>
