{"id":37403,"date":"2023-12-23T15:21:21","date_gmt":"2023-12-23T14:21:21","guid":{"rendered":"https:\/\/www.agrupament.cat\/portal\/?page_id=37403"},"modified":"2024-02-25T21:37:03","modified_gmt":"2024-02-25T20:37:03","slug":"avis-legal-i-politica-de-galetes","status":"publish","type":"page","link":"https:\/\/www.agrupament.cat\/portal\/quant-a\/avis-legal-i-politica-de-galetes\/","title":{"rendered":"Av\u00eds Legal i Pol\u00edtica de Galetes"},"content":{"rendered":"<p>Tots els continguts d\u2019aquest lloc web, incloent-hi textos, imatges i dades, estan protegits per drets d\u2019autor i altres lleis de propietat intel\u00b7lectual. Queda expressament prohibit reproduir, distribuir, modificar o publicar qualsevol contingut d\u2019aquest lloc web sense el consentiment previ dels seus respectius propietaris.<\/p>\n<p>Aquest lloc web no es fa responsable dels danys causats per l\u2019\u00fas d\u2019aquest lloc web o dels seus continguts. Aquest lloc web no garanteix que el lloc web o els seus continguts siguin lliures d\u2019errors o virus. L\u2019usuari assumeix tot el risc de l\u2019\u00fas del lloc web i dels seus continguts.<\/p>\n<h3>Pol\u00edtica de confidencialitat<\/h3>\n<p>La nostra p\u00e0gina web t\u00e9 una pol\u00edtica de confidencialitat de les dades que garanteix la protecci\u00f3 de les dades dels nostres usuaris. Aix\u00f2 inclou la recopilaci\u00f3, l\u2019emmagatzematge i la gesti\u00f3 de les dades dels nostres usuaris. La nostra pol\u00edtica de confidencialitat de les dades es basa en les millors pr\u00e0ctiques de la ind\u00fastria i compleix amb les lleis i regulacions aplicables.<\/p>\n<p>La nostra p\u00e0gina web utilitza mesures de seguretat t\u00e8cniques i organitzatives per protegir les dades dels nostres usuaris contra l\u2019acc\u00e9s no autoritzat, la divulgaci\u00f3, la p\u00e8rdua o la destrucci\u00f3. Aix\u00f2 inclou la xifra de les dades, la gesti\u00f3 d\u2019acc\u00e9s, la gesti\u00f3 de contrasenyes i altres mesures de seguretat.<\/p>\n<p>La nostra p\u00e0gina web tamb\u00e9 utilitza galetes per millorar l\u2019experi\u00e8ncia de l\u2019usuari. Les galetes s\u00f3n petits fitxers de text que es guarden al teu navegador quan visites la nostra p\u00e0gina web. Aix\u00f2 ens ajuda a identificar-te com a usuari i a personalitzar la teva experi\u00e8ncia de navegaci\u00f3. Tamb\u00e9 utilitzem galetes per recopilar informaci\u00f3 sobre com utilitzes la nostra p\u00e0gina web per millorar-la.<\/p>\n<p>Si tens alguna pregunta o preocupaci\u00f3 sobre la nostra pol\u00edtica de confidencialitat de les dades, no dubtis a posar-te en contacte amb nosaltres.<\/p>\n<h3>Pol\u00edtica de galetes<\/h3>\n<p>Aquest lloc web utilitza galetes per millorar la teva experi\u00e8ncia mentre navegues pel lloc web. D\u2019aquestes galetes, les galetes que es classifiquen com a necess\u00e0ries es guarden al teu navegador ja que s\u00f3n essencials per al funcionament de les funcionalitats b\u00e0siques del lloc web. Tamb\u00e9 utilitzem galetes de tercers que ens ajuden a analitzar i entendre com utilitzes aquest lloc web. Aquestes galetes es guardaran al teu navegador nom\u00e9s amb el teu consentiment. Tamb\u00e9 tens l\u2019opci\u00f3 de rebutjar aquestes galetes, per\u00f2 rebutjar algunes de les galetes pot afectar la teva experi\u00e8ncia de navegaci\u00f3.<\/p>\n","protected":false},"excerpt":{"rendered":"<p>Tots els continguts d\u2019aquest lloc web, incloent-hi textos, imatges i dades, estan protegits per drets d\u2019autor i altres lleis de<\/p>\n","protected":false},"author":2,"featured_media":0,"parent":2,"menu_order":0,"comment_status":"closed","ping_status":"closed","template":"","meta":{"footnotes":""},"class_list":["post-37403","page","type-page","status-publish","hentry","comments-off"],"_links":{"self":[{"href":"https:\/\/www.agrupament.cat\/portal\/wp-json\/wp\/v2\/pages\/37403","targetHints":{"allow":["GET"]}}],"collection":[{"href":"https:\/\/www.agrupament.cat\/portal\/wp-json\/wp\/v2\/pages"}],"about":[{"href":"https:\/\/www.agrupament.cat\/portal\/wp-json\/wp\/v2\/types\/page"}],"author":[{"embeddable":true,"href":"https:\/\/www.agrupament.cat\/portal\/wp-json\/wp\/v2\/users\/2"}],"replies":[{"embeddable":true,"href":"https:\/\/www.agrupament.cat\/portal\/wp-json\/wp\/v2\/comments?post=37403"}],"version-history":[{"count":1,"href":"https:\/\/www.agrupament.cat\/portal\/wp-json\/wp\/v2\/pages\/37403\/revisions"}],"predecessor-version":[{"id":37404,"href":"https:\/\/www.agrupament.cat\/portal\/wp-json\/wp\/v2\/pages\/37403\/revisions\/37404"}],"up":[{"embeddable":true,"href":"https:\/\/www.agrupament.cat\/portal\/wp-json\/wp\/v2\/pages\/2"}],"wp:attachment":[{"href":"https:\/\/www.agrupament.cat\/portal\/wp-json\/wp\/v2\/media?parent=37403"}],"curies":[{"name":"wp","href":"https:\/\/api.w.org\/{rel}","templated":true}]}}