{"id":28004,"date":"2019-05-09T20:07:30","date_gmt":"2019-05-09T19:07:30","guid":{"rendered":"http:\/\/www.agrupament.cat\/portal\/?page_id=28004"},"modified":"2024-11-17T15:04:38","modified_gmt":"2024-11-17T14:04:38","slug":"biblioteca-digital-planols","status":"publish","type":"page","link":"https:\/\/www.agrupament.cat\/portal\/documentacio\/biblioteca-digital-planols\/","title":{"rendered":"Biblioteca Digital &#8211; Pl\u00e0nols"},"content":{"rendered":"<p>Fons digital de l&#8217;Agrupament Ferroviari de Barcelona (en construcci\u00f3):<\/p>\n<div style=\"font-size: .7em; line-height: normal;\">Per visualitzar un pl\u00e0nol cliqueu a sobre del nom amb el bot\u00f3 esquerre del ratol\u00ed.<br \/>\nPer descarregar-vos un pl\u00e0nol cliqueu a sobre del nom amb el bot\u00f3 dret del ratol\u00ed i trieu l&#8217;opci\u00f3 &#8220;Obrir a un altre pestanya&#8221; o &#8220;Anomena i desa el contingut de l&#8217;enlla\u00e7&#8221;.<\/div>\n<h1>Material<\/h1>\n<table style=\"width: 90.1786%; height: 108px;\">\n<thead>\n<tr style=\"border-style: solid; border-color: #000000; background-color: #cccccc;\">\n<td style=\"height: 24px; text-align: center; width: 13.1167%;\"><strong>Codi<\/strong><\/td>\n<td style=\"height: 24px; text-align: center; width: 53.6981%;\"><strong>Document<\/strong><\/td>\n<td style=\"height: 24px; text-align: center; width: 18.8465%;\"><strong>Resoluci\u00f3<\/strong><\/td>\n<td style=\"height: 24px; text-align: center; width: 23.733%;\"><strong>Mida<\/strong><\/td>\n<\/tr>\n<\/thead>\n<tbody>\n<tr style=\"height: 24px;\">\n<td style=\"width: 13.1167%; height: 24px; text-align: justify;\">PE5011<\/td>\n<td style=\"width: 53.6981%; height: 24px; text-align: justify;\"><a href=\"http:\/\/www.agrupament.cat\/BibliotecaDigital\/PlanolsMaterial\/ab 84-103_blue.jpg\">Cotxes Norte AB 84 a 103<\/a><\/td>\n<td style=\"width: 18.8465%; height: 24px; text-align: center;\">9920 \u00d7 6900<\/td>\n<td style=\"width: 23.733%; height: 24px; text-align: center;\">20,6 MB<\/td>\n<\/tr>\n<tr style=\"height: 24px;\">\n<td style=\"width: 13.1167%; height: 24px; text-align: justify;\">PE5012<\/td>\n<td style=\"width: 53.6981%; height: 24px; text-align: justify;\"><a href=\"http:\/\/www.agrupament.cat\/BibliotecaDigital\/PlanolsMaterial\/ab 84-103 bastidor_blue.jpg\">Bastidor de Cotxes Norte AB 84 a 103<\/a><\/td>\n<td style=\"width: 18.8465%; height: 24px; text-align: center;\">13648 \u00d7 5432<\/td>\n<td style=\"width: 23.733%; height: 24px; text-align: center;\">29,6 MB<\/td>\n<\/tr>\n<tr style=\"height: 24px;\">\n<td style=\"width: 13.1167%; height: 24px; text-align: justify;\">PE5041<\/td>\n<td style=\"width: 53.6981%; height: 24px; text-align: justify;\"><a href=\"http:\/\/www.agrupament.cat\/BibliotecaDigital\/PlanolsMaterial\/norte aab-128.jpg\">Cotxes Norte AAB 128 a 139<\/a><\/td>\n<td style=\"width: 18.8465%; height: 24px; text-align: center;\">9851 \u00d7 4336<\/td>\n<td style=\"width: 23.733%; height: 24px; text-align: center;\">22 MB<\/td>\n<\/tr>\n<tr style=\"height: 24px;\">\n<td style=\"width: 13.1167%; text-align: justify; height: 24px;\">PE5530<\/td>\n<td style=\"width: 53.6981%; text-align: justify; height: 24px;\"><a href=\"http:\/\/www.agrupament.cat\/BibliotecaDigital\/PlanolsMaterial\/renfe_c-7001_blue.jpg\">Coxtes Renfe C 7001 a 7050<\/a><\/td>\n<td style=\"width: 18.8465%; height: 24px; text-align: center;\">11456 \u00d7 4873<\/td>\n<td style=\"width: 23.733%; height: 24px; text-align: center;\">11,3 MB<\/td>\n<\/tr>\n<tr style=\"height: 24px;\">\n<td style=\"width: 13.1167%; height: 24px; text-align: justify;\">PE5540<\/td>\n<td style=\"width: 53.6981%; height: 24px; text-align: justify;\"><a href=\"http:\/\/www.agrupament.cat\/BibliotecaDigital\/PlanolsMaterial\/AAB-5000.jpg\">Coxtes Renfe AAB 5001 a 5010<\/a><\/td>\n<td style=\"width: 18.8465%; height: 24px; text-align: center;\">18939 \u00d7 7161<\/td>\n<td style=\"width: 23.733%; height: 24px; text-align: center;\">58 MB<\/td>\n<\/tr>\n<tr style=\"height: 24px;\">\n<td style=\"width: 13.1167%; height: 24px;\">PE8001<\/td>\n<td style=\"width: 53.6981%; height: 24px;\"><a href=\"http:\/\/www.agrupament.cat\/BibliotecaDigital\/PlanolsMaterial\/minden.jpg\">Conjunt del Bogie Minden-Deutz<\/a><\/td>\n<td style=\"width: 18.8465%; height: 24px; text-align: center;\">6790 \u00d7 4664<\/td>\n<td style=\"width: 23.733%; height: 24px; text-align: center;\">14,3 MB<\/td>\n<\/tr>\n<tr style=\"height: 24px;\">\n<td style=\"width: 13.1167%; height: 24px;\"><\/td>\n<td style=\"width: 53.6981%; height: 24px;\"><\/td>\n<td style=\"width: 18.8465%; height: 24px; text-align: center;\"><\/td>\n<td style=\"width: 23.733%; height: 24px; text-align: center;\"><\/td>\n<\/tr>\n<\/tbody>\n<\/table>\n<h1>Instal\u00b7lacions<\/h1>\n<table style=\"width: 90.107%; height: 432px;\">\n<thead>\n<tr style=\"border-style: solid; border-color: #000000; background-color: #cccccc;\">\n<td style=\"height: 24px; text-align: center; width: 13.2262%;\"><strong>Codi<\/strong><\/td>\n<td style=\"height: 24px; text-align: center; width: 53.5886%;\"><strong>Document<\/strong><\/td>\n<td style=\"height: 24px; text-align: center; width: 18.8465%;\"><strong>Resoluci\u00f3<\/strong><\/td>\n<td style=\"height: 24px; text-align: center; width: 23.733%;\"><strong>Mida<\/strong><\/td>\n<\/tr>\n<\/thead>\n<tbody>\n<tr style=\"height: 24px;\">\n<td style=\"width: 13.2262%; height: 24px; text-align: justify;\">DC1079<\/td>\n<td style=\"width: 53.5886%; height: 24px; text-align: justify;\"><a href=\"http:\/\/www.agrupament.cat\/BibliotecaDigital\/Planols\/DC1079%20-%20Mora%20la%20Nova.jpg\">Estaci\u00f3 Mora la Nova (1953)<\/a><\/td>\n<td style=\"width: 18.8465%; height: 24px; text-align: center;\">22568 \u00d7 4322<\/td>\n<td style=\"width: 23.733%; height: 24px; text-align: center;\">25,8 MB<\/td>\n<\/tr>\n<tr style=\"height: 24px;\">\n<td style=\"width: 13.2262%; text-align: justify; height: 24px;\">DC2328<\/td>\n<td style=\"width: 53.5886%; text-align: justify; height: 24px;\"><a href=\"http:\/\/www.agrupament.cat\/BibliotecaDigital\/Planols\/DC2328%20-%20Balaguer.jpg\">Estaci\u00f3 de Balaguer (1983)<\/a><\/td>\n<td style=\"width: 18.8465%; height: 24px; text-align: center;\">10799 \u00d7 4525<\/td>\n<td style=\"width: 23.733%; height: 24px; text-align: center;\">8,5 Mb<\/td>\n<\/tr>\n<tr style=\"height: 24px;\">\n<td style=\"width: 13.2262%; height: 24px;\">PL0007<\/td>\n<td style=\"width: 53.5886%; height: 24px;\"><a href=\"http:\/\/www.agrupament.cat\/BibliotecaDigital\/Planols\/PL0007%20-%20BcnNorte.jpg\">Estaci\u00f3 del Nord &#8211; L\u00ednia Zaragoza-Barcelona<\/a><\/td>\n<td style=\"width: 18.8465%; height: 24px; text-align: center;\">14286 \u00d7 8183<\/td>\n<td style=\"width: 23.733%; height: 24px; text-align: center;\">17 Mb<\/td>\n<\/tr>\n<tr style=\"height: 24px;\">\n<td style=\"width: 13.2262%; height: 24px;\">PL0010<\/td>\n<td style=\"width: 53.5886%; height: 24px;\"><a href=\"http:\/\/www.agrupament.cat\/BibliotecaDigital\/Planols\/PL0010%20-%20Massanet%20Massanes.jpg\">Estaci\u00f3 Massanet Massanes &#8211; canvi del pont giratori<\/a><\/td>\n<td style=\"width: 18.8465%; height: 24px; text-align: center;\">6906 \u00d7 3355<\/td>\n<td style=\"width: 23.733%; height: 24px; text-align: center;\">3 Mb<\/td>\n<\/tr>\n<tr style=\"height: 24px;\">\n<td style=\"width: 13.2262%; height: 24px;\">PL0011<\/td>\n<td style=\"width: 53.5886%; height: 24px;\"><a href=\"http:\/\/www.agrupament.cat\/BibliotecaDigital\/Planols\/PL0011%20-%20Tarragona.jpg\">Estacions i dip\u00f2sit de Tarragona (1957)<\/a><\/td>\n<td style=\"width: 18.8465%; height: 24px; text-align: center;\">41684 \u00d7 3568<\/td>\n<td style=\"width: 23.733%; height: 24px; text-align: center;\">24 Mb<\/td>\n<\/tr>\n<tr style=\"height: 24px;\">\n<td style=\"width: 13.2262%; height: 24px;\">PL0012<\/td>\n<td style=\"width: 53.5886%; height: 24px;\"><a href=\"http:\/\/www.agrupament.cat\/BibliotecaDigital\/Planols\/PL0012%20-%20PoblaSegur.jpg\">Estaci\u00f3 de la Pobla de Segur<\/a><\/td>\n<td style=\"width: 18.8465%; height: 24px; text-align: center;\">17960 \u00d7 2633<\/td>\n<td style=\"width: 23.733%; height: 24px; text-align: center;\">3,8 Mb<\/td>\n<\/tr>\n<tr style=\"height: 24px;\">\n<td style=\"width: 13.2262%; height: 24px;\">PL0013<\/td>\n<td style=\"width: 53.5886%; height: 24px;\"><a href=\"http:\/\/www.agrupament.cat\/BibliotecaDigital\/Planols\/PL0013%20-%20BcnTermino.jpg\">Reserva Estaci\u00f3 de Fran\u00e7a (1958)<\/a><\/td>\n<td style=\"width: 18.8465%; height: 24px; text-align: center;\">17026 \u00d7 5001<\/td>\n<td style=\"width: 23.733%; height: 24px; text-align: center;\">8 Mb<\/td>\n<\/tr>\n<tr style=\"height: 24px;\">\n<td style=\"width: 13.2262%; height: 24px;\">PL0017<\/td>\n<td style=\"width: 53.5886%; height: 24px;\"><a href=\"http:\/\/www.agrupament.cat\/BibliotecaDigital\/Planols\/PL0017%20-%20CampoSepulcro.jpg\">Estaci\u00f3 Zaragoza &#8211; Campo Sepulcro (1950)<\/a><\/td>\n<td style=\"width: 18.8465%; height: 24px; text-align: center;\">23831 \u00d7 8354<\/td>\n<td style=\"width: 23.733%; height: 24px; text-align: center;\">32 Mb<\/td>\n<\/tr>\n<tr style=\"height: 24px;\">\n<td style=\"width: 13.2262%; height: 24px;\">PL0018<\/td>\n<td style=\"width: 53.5886%; height: 24px;\"><a href=\"http:\/\/www.agrupament.cat\/BibliotecaDigital\/Planols\/PL0018%20-%20SVicenteCastellet.jpg\">Estaci\u00f3 de Sant Vicen\u00e7 de Castellet<\/a><\/td>\n<td style=\"width: 18.8465%; height: 24px; text-align: center;\">9152 \u00d7 2357<\/td>\n<td style=\"width: 23.733%; height: 24px; text-align: center;\">3 Mb<\/td>\n<\/tr>\n<tr style=\"height: 24px;\">\n<td style=\"width: 13.2262%; height: 24px;\">PL0024<\/td>\n<td style=\"width: 53.5886%; height: 24px;\"><a href=\"http:\/\/www.agrupament.cat\/BibliotecaDigital\/Planols\/PL0024%20-%20Ripoll.jpg\">Estaci\u00f3 de Ripoll (1981)<\/a><\/td>\n<td style=\"width: 18.8465%; height: 24px; text-align: center;\">18616 \u00d7 2707<\/td>\n<td style=\"width: 23.733%; height: 24px; text-align: center;\">2,4 Mb<\/td>\n<\/tr>\n<tr style=\"height: 24px;\">\n<td style=\"width: 13.2262%; height: 24px;\">PL0027<\/td>\n<td style=\"width: 53.5886%; height: 24px;\"><a href=\"http:\/\/www.agrupament.cat\/BibliotecaDigital\/Planols\/PL0027%20-%20BcnNorte.jpg\">Estaci\u00f3 Barcelona Nord<\/a><\/td>\n<td style=\"width: 18.8465%; height: 24px; text-align: center;\">26712 \u00d7 6570<\/td>\n<td style=\"width: 23.733%; height: 24px; text-align: center;\">35 Mb<\/td>\n<\/tr>\n<tr style=\"height: 24px;\">\n<td style=\"width: 13.2262%; height: 24px;\">PL0031<\/td>\n<td style=\"width: 53.5886%; height: 24px;\"><a href=\"http:\/\/www.agrupament.cat\/BibliotecaDigital\/Planols\/PL0031%20-%20Martorell.jpg\">Estaci\u00f3 de Martorell (1925)<\/a><\/td>\n<td style=\"width: 18.8465%; height: 24px; text-align: center;\">15340 \u00d7 3548<\/td>\n<td style=\"width: 23.733%; height: 24px; text-align: center;\">11,7 Mb<\/td>\n<\/tr>\n<tr style=\"height: 24px;\">\n<td style=\"width: 13.2262%; height: 24px;\">PL0032<\/td>\n<td style=\"width: 53.5886%; height: 24px;\"><a href=\"http:\/\/www.agrupament.cat\/BibliotecaDigital\/Planols\/PL0032%20-%20Girona.jpg\">Estacions i dip\u00f2sit de Girona (1957)<\/a><\/td>\n<td style=\"width: 18.8465%; height: 24px; text-align: center;\">15067 \u00d7 2403<\/td>\n<td style=\"width: 23.733%; height: 24px; text-align: center;\">7,5 Mb<\/td>\n<\/tr>\n<tr style=\"height: 24px;\">\n<td style=\"width: 13.2262%; height: 24px;\">PL0033<\/td>\n<td style=\"width: 53.5886%; height: 24px;\"><a href=\"http:\/\/www.agrupament.cat\/BibliotecaDigital\/Planols\/PL0033%20-%20Mongat.jpg\">Estaci\u00f3 de Mongat (1935)<\/a><\/td>\n<td style=\"width: 18.8465%; height: 24px; text-align: center;\">31983 \u00d7 4813<\/td>\n<td style=\"width: 23.733%; height: 24px; text-align: center;\">28,8 Mb<\/td>\n<\/tr>\n<tr style=\"height: 24px;\">\n<td style=\"width: 13.2262%; height: 24px;\">PL0245<\/td>\n<td style=\"width: 53.5886%; height: 24px;\"><a href=\"http:\/\/www.agrupament.cat\/BibliotecaDigital\/Planols\/PL0245 - Inst. Tuberias de agua Port Bou.jpg\">Instalaci\u00f3n de Tuberias de agua en Port Bou<\/a><\/td>\n<td style=\"width: 18.8465%; height: 24px; text-align: center;\">6762 \u00d7 4957<\/td>\n<td style=\"width: 23.733%; height: 24px; text-align: center;\">8,8 Mb<\/td>\n<\/tr>\n<tr style=\"height: 24px;\">\n<td style=\"width: 13.2262%; height: 24px;\">PL0249<\/td>\n<td style=\"width: 53.5886%; height: 24px;\"><a href=\"http:\/\/www.agrupament.cat\/BibliotecaDigital\/Planols\/PL0249 - Estaci\u00f3 del Nord 1965.jpg\">Estaci\u00f3 Barcelona Nord (1965)<\/a><\/td>\n<td style=\"width: 18.8465%; height: 24px; text-align: center;\">12356 \u00d7 3690<\/td>\n<td style=\"width: 23.733%; height: 24px; text-align: center;\">10,8 Mb<\/td>\n<\/tr>\n<tr style=\"height: 24px;\">\n<td style=\"width: 13.2262%; height: 24px;\">PL0254<\/td>\n<td style=\"width: 53.5886%; height: 24px;\"><a href=\"http:\/\/www.agrupament.cat\/BibliotecaDigital\/Planols\/PL0254 - Subdep\u00f3sito de Villanueva y G.jpg\">Subdip\u00f2sit de Vilanova i la Geltr\u00fa<\/a><\/td>\n<td style=\"width: 18.8465%; height: 24px; text-align: center;\">8334 \u00d7 3627<\/td>\n<td style=\"width: 23.733%; height: 24px; text-align: center;\">3,93 Mb<\/td>\n<\/tr>\n<\/tbody>\n<\/table>\n","protected":false},"excerpt":{"rendered":"<p>Fons digital de l&#8217;Agrupament Ferroviari de Barcelona (en construcci\u00f3): Per visualitzar un pl\u00e0nol cliqueu a sobre del nom amb el<\/p>\n","protected":false},"author":2,"featured_media":0,"parent":28,"menu_order":0,"comment_status":"closed","ping_status":"closed","template":"","meta":{"footnotes":""},"class_list":["post-28004","page","type-page","status-publish","hentry","comments-off"],"_links":{"self":[{"href":"https:\/\/www.agrupament.cat\/portal\/wp-json\/wp\/v2\/pages\/28004","targetHints":{"allow":["GET"]}}],"collection":[{"href":"https:\/\/www.agrupament.cat\/portal\/wp-json\/wp\/v2\/pages"}],"about":[{"href":"https:\/\/www.agrupament.cat\/portal\/wp-json\/wp\/v2\/types\/page"}],"author":[{"embeddable":true,"href":"https:\/\/www.agrupament.cat\/portal\/wp-json\/wp\/v2\/users\/2"}],"replies":[{"embeddable":true,"href":"https:\/\/www.agrupament.cat\/portal\/wp-json\/wp\/v2\/comments?post=28004"}],"version-history":[{"count":28,"href":"https:\/\/www.agrupament.cat\/portal\/wp-json\/wp\/v2\/pages\/28004\/revisions"}],"predecessor-version":[{"id":38821,"href":"https:\/\/www.agrupament.cat\/portal\/wp-json\/wp\/v2\/pages\/28004\/revisions\/38821"}],"up":[{"embeddable":true,"href":"https:\/\/www.agrupament.cat\/portal\/wp-json\/wp\/v2\/pages\/28"}],"wp:attachment":[{"href":"https:\/\/www.agrupament.cat\/portal\/wp-json\/wp\/v2\/media?parent=28004"}],"curies":[{"name":"wp","href":"https:\/\/api.w.org\/{rel}","templated":true}]}}